{"id":564,"date":"2022-08-04T10:49:05","date_gmt":"2022-08-04T08:49:05","guid":{"rendered":"http:\/\/www.trattoria-una.de\/wordpress\/?page_id=564"},"modified":"2022-08-04T10:49:05","modified_gmt":"2022-08-04T08:49:05","slug":"wiedereroeffnung-cafe-credo","status":"publish","type":"page","link":"http:\/\/www.trattoria-una.de\/wordpress\/wiedereroeffnung-cafe-credo\/","title":{"rendered":"Wiederer\u00f6ffnung Caf\u00e9 Credo"},"content":{"rendered":"\n<p>Wir freuen uns sehr, dass wir das Cafe Credo am <strong>Kirchplatz<\/strong> in Refrath nun betreiben d\u00fcrfen. Wir haben f\u00fcr Sie tolle Ideen um diesen sch\u00f6nen Kulturort in der Stadtmitte neu zu beleben. Wir freuen uns sehr, Sie ab 05.08.2022 im Cafe Credo begr\u00fc\u00dfen zu d\u00fcrfen. <br>Wir bieten dort reginoale K\u00fcche, Mittagstisch, Kaffeespezialit\u00e4ten und Kuchen an. Am besten schauen Sie selber vorbei. <\/p>\n\n\n\n<figure class=\"wp-block-image size-full\"><img decoding=\"async\" loading=\"lazy\" width=\"425\" height=\"599\" src=\"http:\/\/www.trattoria-una.de\/wordpress\/wp-content\/uploads\/2022\/08\/Plakat_Kulturtreff.jpg\" alt=\"\" class=\"wp-image-562\" srcset=\"http:\/\/www.trattoria-una.de\/wordpress\/wp-content\/uploads\/2022\/08\/Plakat_Kulturtreff.jpg 425w, http:\/\/www.trattoria-una.de\/wordpress\/wp-content\/uploads\/2022\/08\/Plakat_Kulturtreff-213x300.jpg 213w\" sizes=\"(max-width: 425px) 100vw, 425px\" \/><\/figure>\n","protected":false},"excerpt":{"rendered":"<p>Wir freuen uns sehr, dass wir das Cafe Credo am Kirchplatz in Refrath nun betreiben d\u00fcrfen. Wir haben f\u00fcr Sie tolle Ideen um diesen sch\u00f6nen Kulturort in der Stadtmitte neu zu beleben. Wir freuen uns sehr, Sie ab 05.08.2022 im Cafe Credo begr\u00fc\u00dfen zu d\u00fcrfen. Wir bieten dort reginoale K\u00fcche, Mittagstisch, Kaffeespezialit\u00e4ten und Kuchen an. [&hellip;]<\/p>\n","protected":false},"author":1,"featured_media":568,"parent":0,"menu_order":0,"comment_status":"closed","ping_status":"closed","template":"","meta":[],"_links":{"self":[{"href":"http:\/\/www.trattoria-una.de\/wordpress\/wp-json\/wp\/v2\/pages\/564"}],"collection":[{"href":"http:\/\/www.trattoria-una.de\/wordpress\/wp-json\/wp\/v2\/pages"}],"about":[{"href":"http:\/\/www.trattoria-una.de\/wordpress\/wp-json\/wp\/v2\/types\/page"}],"author":[{"embeddable":true,"href":"http:\/\/www.trattoria-una.de\/wordpress\/wp-json\/wp\/v2\/users\/1"}],"replies":[{"embeddable":true,"href":"http:\/\/www.trattoria-una.de\/wordpress\/wp-json\/wp\/v2\/comments?post=564"}],"version-history":[{"count":2,"href":"http:\/\/www.trattoria-una.de\/wordpress\/wp-json\/wp\/v2\/pages\/564\/revisions"}],"predecessor-version":[{"id":569,"href":"http:\/\/www.trattoria-una.de\/wordpress\/wp-json\/wp\/v2\/pages\/564\/revisions\/569"}],"wp:featuredmedia":[{"embeddable":true,"href":"http:\/\/www.trattoria-una.de\/wordpress\/wp-json\/wp\/v2\/media\/568"}],"wp:attachment":[{"href":"http:\/\/www.trattoria-una.de\/wordpress\/wp-json\/wp\/v2\/media?parent=564"}],"curies":[{"name":"wp","href":"https:\/\/api.w.org\/{rel}","templated":true}]}}

Wiedereröffnung Café Credo

<p>Wir freuen uns sehr, dass wir das Cafe Credo am <strong>Kirchplatz</strong> in Refrath nun betreiben dürfen. Wir haben für Sie tolle Ideen um diesen schönen Kulturort in der Stadtmitte neu zu beleben. Wir freuen uns sehr, Sie ab 05.08.2022 im Cafe Credo begrüßen zu dürfen. <br>Wir bieten dort reginoale Küche, Mittagstisch, Kaffeespezialitäten und Kuchen an. Am besten schauen Sie selber vorbei. </p>



<figure class="wp-block-image size-full"><img decoding="async" loading="lazy" width="425" height="599" src="http://www.trattoria-una.de/wordpress/wp-content/uploads/2022/08/Plakat_Kulturtreff.jpg" alt="" class="wp-image-562" srcset="http://www.trattoria-una.de/wordpress/wp-content/uploads/2022/08/Plakat_Kulturtreff.jpg 425w, http://www.trattoria-una.de/wordpress/wp-content/uploads/2022/08/Plakat_Kulturtreff-213x300.jpg 213w" sizes="(max-width: 425px) 100vw, 425px" /></figure>

<p>Wir freuen uns sehr, dass wir das Cafe Credo am Kirchplatz in Refrath nun betreiben dürfen. Wir haben für Sie tolle Ideen um diesen schönen Kulturort in der Stadtmitte neu zu beleben. Wir freuen uns sehr, Sie ab 05.08.2022 im Cafe Credo begrüßen zu dürfen. Wir bieten dort reginoale Küche, Mittagstisch, Kaffeespezialitäten und Kuchen an. [&hellip;]</p>
