{"id":10,"date":"2019-04-30T10:33:12","date_gmt":"2019-04-30T08:33:12","guid":{"rendered":"http:\/\/www.trattoria-una.de\/wordpress\/?page_id=10"},"modified":"2026-01-22T21:04:44","modified_gmt":"2026-01-22T20:04:44","slug":"herzlich-willkommen","status":"publish","type":"page","link":"https:\/\/www.trattoria-una.de\/wordpress\/","title":{"rendered":"Liebe G\u00e4ste,"},"content":{"rendered":"\n<p><strong>Herzlich willkommen<\/strong> auf unserer Homepage, und nat\u00fcrlich auch herzlich  willkommen in unserer kleinen, aber feinen Trattoria im Herzen von  Bergisch Gladbach-Refrath!<\/p>\n\n\n<div class=\"wp-block-image\">\n<figure class=\"alignleft is-resized\"><img decoding=\"async\" loading=\"lazy\" src=\"http:\/\/www.trattoria-una.de\/wordpress\/wp-content\/uploads\/2019\/05\/semso_kreis-1.jpg\" alt=\"\" class=\"wp-image-149\" width=\"325\" height=\"325\" srcset=\"https:\/\/www.trattoria-una.de\/wordpress\/wp-content\/uploads\/2019\/05\/semso_kreis-1.jpg 768w, https:\/\/www.trattoria-una.de\/wordpress\/wp-content\/uploads\/2019\/05\/semso_kreis-1-150x150.jpg 150w, https:\/\/www.trattoria-una.de\/wordpress\/wp-content\/uploads\/2019\/05\/semso_kreis-1-300x300.jpg 300w, https:\/\/www.trattoria-una.de\/wordpress\/wp-content\/uploads\/2019\/05\/semso_kreis-1-600x600.jpg 600w\" sizes=\"(max-width: 325px) 100vw, 325px\" \/><figcaption class=\"wp-element-caption\">Inhaber und K\u00fcchenchef<br><br>Semsudin Salkic<br><\/figcaption><\/figure><\/div>\n\n\n<p>Wir bieten Ihnen eine mediterrane, kreative und abwechslungsreiche K\u00fcche. Alles frisch und mit Leidenschaft f\u00fcr Sie zubereitet. <\/p>\n\n\n\n<p>Kommen Sie vorbei und lassen Sie sich bei uns verw\u00f6hnen. <\/p>\n\n\n\n<p>Wir freuen uns auf Sie!<\/p>\n\n\n\n<p>Herzliche Gr\u00fc\u00dfe,<br>Ihr Team der Trattoria Una<\/p>\n\n\n\n<div style=\"height:40px\" aria-hidden=\"true\" class=\"wp-block-spacer\"><\/div>\n\n\n\n<p><\/p>\n\n\n\n<h2 class=\"wp-block-heading\">Cafe Credo am Kirchplatz<\/h2>\n\n\n\n<p><br>Wir freuen uns sehr, dass wir ab jetzt auch das beliebte Caf\u00e9 Credo am Kirchplatz betreiben d\u00fcrfen.<br>Wir freuen uns sehr auf Ihren Besuch! <a href=\"http:\/\/www.trattoria-una.de\/wordpress\/wiedereroeffnung-cafe-credo\/\">Wiederer\u00f6ffnung Caf\u00e9 Credo<\/a><\/p>\n\n\n\n<div style=\"height:50px\" aria-hidden=\"true\" class=\"wp-block-spacer\"><\/div>\n\n\n\n<link href=\"https:\/\/awards.infcdn.net\/sq5_n.css\" rel=\"stylesheet\"><div id=\"rest_sq5\" onclick=\"if(event.target.nodeName.toLowerCase() != 'a') {window.open(this.querySelector('.sq_bot').href);return 0;}\"><a href=\"https:\/\/de.restaurantguru.com\/Trattoria-Una-Bergisch-Gladbach\" class=\"sq_top\" target=\"_blank\" rel=\"noopener noreferrer\">Trattoria Una<\/a><div class=\"sq_img\" style=\"background: url('https:\/\/awards.infcdn.net\/img\/star_white.svg') no-repeat center\">&nbsp;<\/div><span>Empfohlen auf<\/span><a href=\"https:\/\/restaurantguru.com\" class=\"sq_bot\" target=\"_blank\" rel=\"noopener noreferrer\">Restaurant Guru 2020<\/a><\/div>\n\n\n\n<p>Wir sind sehr stolz und dankbar von unseren G\u00e4sten ausgezeichnet worden zu sein. Vielen Dank! <\/p>\n","protected":false},"excerpt":{"rendered":"<p>Herzlich willkommen auf unserer Homepage, und nat\u00fcrlich auch herzlich willkommen in unserer kleinen, aber feinen Trattoria im Herzen von Bergisch Gladbach-Refrath! Wir bieten Ihnen eine mediterrane, kreative und abwechslungsreiche K\u00fcche. Alles frisch und mit Leidenschaft f\u00fcr Sie zubereitet. Kommen Sie vorbei und lassen Sie sich bei uns verw\u00f6hnen. Wir freuen uns auf Sie! Herzliche Gr\u00fc\u00dfe,Ihr [&hellip;]<\/p>\n","protected":false},"author":1,"featured_media":245,"parent":0,"menu_order":0,"comment_status":"closed","ping_status":"closed","template":"","meta":[],"_links":{"self":[{"href":"https:\/\/www.trattoria-una.de\/wordpress\/wp-json\/wp\/v2\/pages\/10"}],"collection":[{"href":"https:\/\/www.trattoria-una.de\/wordpress\/wp-json\/wp\/v2\/pages"}],"about":[{"href":"https:\/\/www.trattoria-una.de\/wordpress\/wp-json\/wp\/v2\/types\/page"}],"author":[{"embeddable":true,"href":"https:\/\/www.trattoria-una.de\/wordpress\/wp-json\/wp\/v2\/users\/1"}],"replies":[{"embeddable":true,"href":"https:\/\/www.trattoria-una.de\/wordpress\/wp-json\/wp\/v2\/comments?post=10"}],"version-history":[{"count":97,"href":"https:\/\/www.trattoria-una.de\/wordpress\/wp-json\/wp\/v2\/pages\/10\/revisions"}],"predecessor-version":[{"id":842,"href":"https:\/\/www.trattoria-una.de\/wordpress\/wp-json\/wp\/v2\/pages\/10\/revisions\/842"}],"wp:featuredmedia":[{"embeddable":true,"href":"https:\/\/www.trattoria-una.de\/wordpress\/wp-json\/wp\/v2\/media\/245"}],"wp:attachment":[{"href":"https:\/\/www.trattoria-una.de\/wordpress\/wp-json\/wp\/v2\/media?parent=10"}],"curies":[{"name":"wp","href":"https:\/\/api.w.org\/{rel}","templated":true}]}}

Liebe Gäste,

<p><strong>Herzlich willkommen</strong> auf unserer Homepage, und natürlich auch herzlich  willkommen in unserer kleinen, aber feinen Trattoria im Herzen von  Bergisch Gladbach-Refrath!</p>


<div class="wp-block-image">
<figure class="alignleft is-resized"><img decoding="async" loading="lazy" src="http://www.trattoria-una.de/wordpress/wp-content/uploads/2019/05/semso_kreis-1.jpg" alt="" class="wp-image-149" width="325" height="325" srcset="https://www.trattoria-una.de/wordpress/wp-content/uploads/2019/05/semso_kreis-1.jpg 768w, https://www.trattoria-una.de/wordpress/wp-content/uploads/2019/05/semso_kreis-1-150x150.jpg 150w, https://www.trattoria-una.de/wordpress/wp-content/uploads/2019/05/semso_kreis-1-300x300.jpg 300w, https://www.trattoria-una.de/wordpress/wp-content/uploads/2019/05/semso_kreis-1-600x600.jpg 600w" sizes="(max-width: 325px) 100vw, 325px" /><figcaption class="wp-element-caption">Inhaber und Küchenchef<br><br>Semsudin Salkic<br></figcaption></figure></div>


<p>Wir bieten Ihnen eine mediterrane, kreative und abwechslungsreiche Küche. Alles frisch und mit Leidenschaft für Sie zubereitet. </p>



<p>Kommen Sie vorbei und lassen Sie sich bei uns verwöhnen. </p>



<p>Wir freuen uns auf Sie!</p>



<p>Herzliche Grüße,<br>Ihr Team der Trattoria Una</p>



<div style="height:40px" aria-hidden="true" class="wp-block-spacer"></div>



<p></p>



<h2 class="wp-block-heading">Cafe Credo am Kirchplatz</h2>



<p><br>Wir freuen uns sehr, dass wir ab jetzt auch das beliebte Café Credo am Kirchplatz betreiben dürfen.<br>Wir freuen uns sehr auf Ihren Besuch! <a href="http://www.trattoria-una.de/wordpress/wiedereroeffnung-cafe-credo/">Wiedereröffnung Café Credo</a></p>



<div style="height:50px" aria-hidden="true" class="wp-block-spacer"></div>



<link href="https://awards.infcdn.net/sq5_n.css" rel="stylesheet"><div id="rest_sq5" onclick="if(event.target.nodeName.toLowerCase() != 'a') {window.open(this.querySelector('.sq_bot').href);return 0;}"><a href="https://de.restaurantguru.com/Trattoria-Una-Bergisch-Gladbach" class="sq_top" target="_blank" rel="noopener noreferrer">Trattoria Una</a><div class="sq_img" style="background: url('https://awards.infcdn.net/img/star_white.svg') no-repeat center">&nbsp;</div><span>Empfohlen auf</span><a href="https://restaurantguru.com" class="sq_bot" target="_blank" rel="noopener noreferrer">Restaurant Guru 2020</a></div>



<p>Wir sind sehr stolz und dankbar von unseren Gästen ausgezeichnet worden zu sein. Vielen Dank! </p>

<p>Herzlich willkommen auf unserer Homepage, und natürlich auch herzlich willkommen in unserer kleinen, aber feinen Trattoria im Herzen von Bergisch Gladbach-Refrath! Wir bieten Ihnen eine mediterrane, kreative und abwechslungsreiche Küche. Alles frisch und mit Leidenschaft für Sie zubereitet. Kommen Sie vorbei und lassen Sie sich bei uns verwöhnen. Wir freuen uns auf Sie! Herzliche Grüße,Ihr [&hellip;]</p>
